**3 - 5*v**2 - 29*v - 209. Give q(-6).
1
Let i(v) = -28*v**2 + 83*v + 1. Give i(3).
-2
Let n(i) = -35*i - 327. Calculate n(4).
-467
Let y(u) = -2*u**2 - 9*u + 8. Give y(6).
-118
Let p(b) = -8*b**3 + 121*b**2 - 18*b + 31. What is p(15)?
-14
Let c(v) = -79*v**2 + 17691*v + 1125. Give c(224).
5
Let u(r) = -4*r**2 - 100*r + 159. Calculate u(-25).
159
Let d(i) = 5*i + 24. Calculate d(-7).
-11
Let v(h) = 3*h**3 + 2*h**2 + 3*h - 8. What is v(-2)?
-30
Let p(t) = t**2 + 620*t - 28516. Calculate p(43).
-7
Let n(d) = -60*d - 444. Give n(-9).
96
Let q(d) = -1093*d - 5462. Give q(-5).
3
Let i(n) = -n**2 + 88*n - 1647. Calculate i(27).
0
Let x(y) = -7*y**3 + 2*y**2 + 17*y - 10. Determine x(4).
-358
Let c(r) = -6*r**2 - 19*r - 6. Calculate c(-5).
-61
Let t(x) = x**2 + 6*x - 1155. Calculate t(31).
-8
Let y(w) = 4*w**3 - w**2 - 28*w - 27. Give y(-2).
-7
Let l(n) = 32*n**2 - 153*n - 455. Give l(-3).
292
Let t(p) = -p**3 + 5*p**2 + 493*p - 155. Determine t(-20).
-15
Let d(j) = -j**3 - 8*j**2 - 21*j - 87. Calculate d(-7).
11
Let s(o) = 9*o**2 - 385*o + 1081. Calculate s(3).
7
Let u(m) = -m**3 + 15*m**2 - 49*m - 55. Determine u(9).
-10
Let u(i) = -i**3 + 36*i**2 - 29*i - 207. Calculate u(35).
3
Let r(a) = -14*a**2 + 476*a - 107. Give r(34).
-107
Let t(j) = -211*j**2 + 17*j + 2. Calculate t(-2).
-876
Let i(q) = 28*q + 2706. Give i(-98).
-38
Let x(h) = h**3 - 3*h**2 + 6*h + 10. Calculate x(5).
90
Let d(i) = 144*i - 837. Give d(5).
-117
Let n(l) = 276*l + 9605. Calculate n(-35).
-55
Let p(u) = -u**2 - 56*u - 133. Determine p(-53).
26
Let t(h) = 20*h**2 - 97*h + 12. Give t(3).
-99
Let s(n) = -89*n + 719. Give s(4).
363
Let i(n) = 203*n**2 - 15*n - 14. What is i(-2)?
828
Let d(t) = 25*t**2 - 17*t + 119. Determine d(5).
659
Let g(d) = -15*d**2 - 391*d - 19. Determine g(-26).
7
Let q(p) = -122*p + 1796. Calculate q(14).
88
Let z(w) = -w**3 + 32*w**2 - 3*w - 5. Give z(32).
-101
Let h(m) = -1184*m - 9422. Determine h(-8).
50
Let z(p) = 23*p - 101. Calculate z(-11).
-354
Let l(t) = -10*t - 167. Calculate l(-17).
3
Let l(b) = b**3 + 19*b**2 + 23*b - 5. Determine l(-17).
182
Let b(t) = -t**3 - 72*t**2 - 138*t + 101. Give b(-70).
-39
Let i(h) = h**2 + 142*h + 2161. Give i(-125).
36
Let o(w) = 27*w**2 + 229*w - 4. Give o(-7).
-284
Let s(b) = -141*b + 6496. What is s(46)?
10
Let y(r) = r**2 + 149*r - 3922. Give y(-172).
34
Let u(s) = -10*s**3 - 2*s**2 - s + 4. What is u(-2)?
78
Let o(q) = 11*q**2 + q - 1. Calculate o(1).
11
Let s(q) = -217*q + 18870. Determine s(87).
-9
Let f(w) = 10*w**3 - w**2 - 8*w - 2. Give f(-3).
-257
Let r(o) = 403*o - 5804. Calculate r(14).
-162
Let l(t) = -4*t**2 - 36*t + 137. What is l(-12)?
-7
Let j(x) = 181*x**2 - 1104*x + 106. Calculate j(6).
-2
Let n(u) = -u**2 - 33*u - 135. What is n(-4)?
-19
Let m(g) = 852*g + 1322. Determine m(-2).
-382
Let u(v) = 2014*v + 8061. Calculate u(-4).
5
Let r(c) = c**3 + 20*c**2 + 91*c + 107. Give r(-4).
-1
Let z(f) = -2*f**2 + 9398*f + 47036. Calculate z(-5).
-4
Let g(w) = -25*w**2 - 89*w - 10. Determine g(-4).
-54
Let a(v) = -v**2 - 206*v + 3556. Calculate a(-222).
4
Let i(c) = 1239*c + 8500. Determine i(-7).
-173
Let o(t) = -308*t - 51131. What is o(-166)?
-3
Let g(k) = 187*k**3 - 2*k**2 - k + 2. Give g(0).
2
Let h(c) = -5*c**3 + 2*c**2 + 14*c - 25. What is h(-5)?
580
Let t(n) = -38*n + 204. Calculate t(7).
-62
Let a(v) = -13*v - 41. Give a(-10).
89
Let v(p) = -p**2 + 14*p - 94. Give v(15).
-109
Let w(m) = -409*m + 4. Calculate w(-1).
413
Let c(s) = -s**3 - 68*s**2 - s - 75. Calculate c(-68).
-7
Let o(v) = -3*v**2 + 3*v + 462. Determine o(-12).
-6
Let a(b) = 3*b**2 - 80*b - 2274. Determine a(44).
14
Let q(w) = -w**3 + 11*w**2 + 15*w - 131. Calculate q(7).
170
Let c(z) = 2518*z - 10094. Give c(4).
-22
Let r(d) = 1030*d + 25766. Give r(-25).
16
Let j(y) = -2*y**3 - 44*y**2 - 152*y + 5. What is j(-4)?
37
Let h(n) = 60*n**3 + 3*n**2 + 11*n - 13. What is h(1)?
61
Let f(x) = -412*x - 16074. What is f(-39)?
-6
Let c(v) = -18*v + 166. Give c(9).
4
Let j(i) = -5*i**2 + 13*i + 4. Calculate j(7).
-150
Let w(a) = -245*a + 14670. What is w(60)?
-30
Let c(x) = 7*x + 85. What is c(-26)?
-97
Let q(r) = -r**3 - 26*r**2 + 6*r + 169. Give q(-26).
13
Let u(i) = -121*i**2 - 3*i. Give u(1).
-124
Let d(b) = b**3 - 7*b**2 - 3*b + 4. What is d(7)?
-17
Let d(k) = -2*k**2 - 11*k - 9. Determine d(-2).
5
Let j(w) = 41*w - 28. Calculate j(1).
13
Let r(x) = -20*x**3 + 75*x**2 - 15*x + 144. Determine r(4).
4
Let v(d) = d**2 - 22*d - 163. Give v(29).
40
Let m(k) = -75*k**3 + k**2 + 4*k - 3. Calculate m(1).
-73
Let k(q) = 265*q + 4227. Give k(-16).
-13
Let x(y) = -275*y + 13751. Give x(50).
1
Let o(k) = k**3 + 15*k**2 + 10*k + 86. Determine o(-14).
142
Let s(t) = 2*t**2 + 134*t - 7. What is s(-67)?
-7
Let n(y) = -150*y - 72. What is n(0)?
-72
Let t(z) = 62*z - 993. Give t(16).
-1
Let z(g) = g**2 + 71*g + 215. Determine z(-3).
11
Let t(g) = -g**2 + g + 201. Calculate t(14).
19
Let v(n) = n**2 + 8*n + 42. Determine v(14).
350
Let w(c) = -c**2 + 131*c - 4041. Determine w(50).
9
Let m(g) = -g**2 + 92*g + 476. Give m(-5).
-9
Let d(n) = -n**3 + 4*n**2 + 162*n - 780. Calculate d(5).
5
Let d(h) = 165*h - 7926. Determine d(48).
-6
Let a(y) = -99*y + 1265. Calculate a(13).
-22
Let w(g) = g**2 + 47*g + 202. What is w(-5)?
-8
Let p(q) = -q**3 - 20*q**2 - 9*q - 311. Give p(-20).
-131
Let b(p) = -41*p**3 - 2*p**2 + 20*p - 19. Determine b(1).
-42
Let n(s) = 9*s**3 - 3*s**2 + 3. What is n(-1)?
-9
Let l(m) = 5*m**2 - 7*m + 5. Determine l(4).
57
Let u(w) = 6*w**2 + 778*w - 1050. Determine u(-131).
-2
Let f(q) = 5*q**2 + 154*q + 118. Give f(-30).
-2
Let j(x) = -78*x - 4184. Determine j(-55).
106
Let t(h) = 16*h**2 + 111*h - 32. What is t(-7)?
-25
Let i(j) = j**2 + 80*j + 1587. Determine i(-36).
3
Let u(j) = 8*j**2 - 3660*j + 19892. Calculate u(452).
4
Let y(z) = z**2 + 2*z - 105. Give y(11).
38
Let t(k) = 11*k + 313. Give t(-11).
192
Let j(u) = 2*u**2 - 156*u + 301. What is j(76)?
-3
Let a(k) = -390*k - 12083. What is a(-31)?
7
Let o(h) = -h**2 + 12*h + 667. What is o(34)?
-81
Let h(s) = 3*s**2 - 22*s + 19. Calculate h(4).
-21
Let z(j) = -3*j**3 - 326*j**2 - 196*j + 2159. What is z(-108)?
-1
Let v(i) = -8*i**3 - 15*i**2 + 18*i + 12. Determine v(-3).
39
Let i(h) = 3*h**2 + 32*h + 20. What is i(0)?
20
Let s(u) = -21*u - 1060. Determine s(-50).
-10
Let o(g) = -3*g + 77. Determine o(16).
29
Let q(s) = 3*s**2 - 61*s - 76. Calculate q(22).
34
Let p(v) = 46*v - 93. Give p(2).
-1
Let c(x) = 4180*x + 326041. What is c(-78)?
1
Let x(c) = -6429*c + 25702. Give x(4).
-14
Let p(j) = -2*j**3 + 19*j**2 + 4*j + 21. What is p(10)?
-39
Let j(m) = -m**2 + 340*m - 3944. Calculate j(12).
-8
Let a(i) = -4*i - 40. What is a(40)?
-200
Let q(c) = c**3 + 8*c**2 - 17*c + 7. Give q(-6).
181
Let h(l) = -13*l - 680. Determine h(-52).
-4
Let v(l) = 210*l + 44100. Determine v(-210).
0
Let p(z) = 3*z**2 - 28*z + 107. Give p(11).
162
Let j(k) = k**2 + 691*k + 6809. Give j(-10).
-1
Let r(u) = -20*u + 4. Calculate r(3).
-56
Let r(h) = h**2 - 116*h + 3346. Give r(54).
-2
Let c(m) = -8*m**2 + 17*m - 38. Give c(2).
-36
Let i(d) = -12*d + 297. What is i(-63)?
1053
Let f(x) = x**3 - 12*x**2 + 35*x - 57. What is f(9)?
15
Let u(o) = 3*o**2 + o - 349. Give u(-20).
831
Let p(c) = c**2 - 44*c + 288. What is p(9)?
-27
Let w(c) = -18*c + 204. Calculate w(43).
-570
Let m(r) = -r**2 + 166*r + 165. What is m(-1)?
-2
Let n(d) = 8*d**2 - 1010*d + 263. Give n(126).
11
Let w(d) = -d**3 + 46*d**2 - 84*d - 153. What is w(44)?
23
Let o(r) = -14*r + 494. What is o(32)?
46
Let y(x) = -154*x - 2310. What is y(-15)?
0
Let z(q) = 74*q - 100. Calculate z(2).
48
Let h(s) = s**3 - 5*s**2 + 539*s - 1605. Give h(3).
-6
Let d(n) = -2*n**3 + 17*n**2 - 24*n - 10. Give d(5).
45
Let l(m) = -5*m**3 - 478*m**2 + 193*m + 93. Determine l(-96).
-3
Let u(x) = -534*x + 1597. Determine u(3).
-5
Let u(q) = q**2 - 26*q + 39. Calculate u(19).
-94
Let y(i) = -4*i**2 - 23*i + 122. Calculate y(-9).
5
Let s(y) = -2*y**3 + 4*y**2 + 15*y - 16. What is s(3)?
11
Let o(r) = 22*r + 138. Determine o(-8).
-38
Let k(f) = -403*f - 80205. Give k(-199).
-8
Let i(t) = t**3 - 10*t**2 + 3*t - 56. Give i(9).
-110
Let w(l) = -l**3 + 5*l**2 - 4*l + 35. Give w(6).
-25
Let q(k) = k**3 + 28*k**2 + 116*k - 99. What is q(-15)?
1086
Let n(y) = y**3 - 2*y**2 - 27*y + 4. Wha